 prime factors of h?
7
Suppose -23 = -b + 2. List the prime factors of b.
5
List the prime factors of ((-10)/(-25) - (-17)/(-5)) + 150.
3, 7
Suppose 35 = t + 12. Let i = t + -16. List the prime factors of i.
7
Suppose -3*g - 3*n = -1140, -3*g + 0*g + 1146 = n. List the prime factors of g.
383
What are the prime factors of ((-395)/(-10))/((-2)/(-4))?
79
Suppose -3*v + 18 = b, 4*b = v + 2*v - 3. Let h = v - 3. Suppose 3*o - 7 = h*o + 3*u, -o + 13 = 3*u. What are the prime factors of o?
2, 5
Let z(u) = -u - 2. Let h be z(-7). Suppose -149 - 101 = -h*t. List the prime factors of t.
2, 5
Suppose -9 = -2*g + 17. What are the prime factors of g - (1 + -4 + 1)?
3, 5
Let v(g) = -g**2 - 7*g + 3. Let a be v(-7). Suppose 2*o = -a*o + 55. List the prime factors of o.
11
Suppose 0 = -j - 5*l + 303, -6*j = -4*j - 4*l - 536. What are the prime factors of j?
2, 139
Let z be (-6)/9*105/10. Let t(b) = 3*b - 10 + 0*b**2 + b + b**2. What are the prime factors of t(z)?
11
Let x(z) = 0*z + 9*z**2 - 5*z - 2*z + 1 + 6*z. Let a be x(1). Let d = a - 2. List the prime factors of d.
7
Suppose v = 6*v - 250. Let n(i) = i**2 + 12*i - 3. Let y be n(-13). Suppose -y = 5*w - v. What are the prime factors of w?
2
List the prime factors of ((-984)/5)/(-3) + 20/50.
2, 3, 11
Suppose 0 = 5*s - 15 - 15. Let j(n) = 3*n - 9. List the prime factors of j(s).
3
Let z = 4 + -2. Suppose 51 - 160 = -4*o - f, -z*o + 2*f + 62 = 0. Let y = -18 + o. What are the prime factors of y?
2, 5
Suppose -2*n + 3*q = -25, -3*n - q + 5*q = -39. Let u be ((-4)/(-5))/((-14)/175). Let l = u + n. What are the prime factors of l?
7
Let g(v) = 42*v + 2. Suppose 3*j + 4*d = 11, -3*d + 8 = -2*j + 2*d. What are the prime factors of g(j)?
2, 11
Suppose 0 = -2*y - 2*t + 6, 5*y + 2*t - 9 = 12. Suppose -u = -y*u + 8. Suppose -u*d + 12 = -0*d. What are the prime factors of d?
2, 3
What are the prime factors of (7 + -9)/(1/(-7))?
2, 7
Suppose 4*a + 4*k - 24 = 56, -2*a + 28 = -2*k. Let d(o) = 2*o - 1. Let r be d(-5). Let z = r + a. What are the prime factors of z?
2, 3
Suppose -2*k = -3*z - 203, 0 = 2*z + 3*z + 25. List the prime factors of k.
2, 47
Let p = 15 - 7. Suppose -3*n + p + 4 = 0. Suppose 0 = -2*m - n*b + 44, 0 = 5*m + b + 3 - 68. List the prime factors of m.
2, 3
Suppose -x - x + 122 = 3*j, -2*j = 4*x - 92. Suppose 0 = -2*h + h - 23. Let w = j + h. List the prime factors of w.
3, 5
Suppose -4*p = -u - 7*p - 9, -3*u - 4*p = 7. Suppose -4*q + u*c = c - 20, 0 = -5*q + 5*c + 35. List the prime factors of q.
3
Suppose 278 = 5*w - 52. What are the prime factors of w?
2, 3, 11
Let o(v) = 2*v**2 + v - 18. What are the prime factors of o(6)?
2, 3, 5
Let y = 65 - 35. List the prime factors of y.
2, 3, 5
Let t(l) = -l + 7. Let x = 1 - -3. List the prime factors of t(x).
3
Let s = -5 + 9. Suppose 4*k = -2*t - 2, -7 = 9*k - 4*k + s*t. Let x = k + 4. What are the prime factors of x?
5
Suppose 2*x = -5*p + 116, 5*p + 83 = -5*x + 373. What are the prime factors of x?
2, 29
Let g be 248/14 - (-4)/14. Suppose -j + 5*k = 18, -2*k + 7*k - 25 = 0. Let t = g - j. What are the prime factors of t?
11
Suppose 4*m + 116 = 4*c + 2*m, -4*c = 3*m - 96. Let b(q) = -3*q - 1. Let r be b(-2). Suppose t = -5*x - 14, 4*x + c = r*t - 19. List the prime factors of t.
2, 3
Suppose 5*q = 537 + 63. List the prime factors of 6/21 + q/21.
2, 3
List the prime factors of 427/2 - (0 + -4)/8.
2, 107
Let d = 44 - 26. What are the prime factors of d?
2, 3
Suppose 0 = l + 4*x - 2*x + 5, 2*x = -2*l - 4. List the prime factors of 2 + l/2*8.
2, 3
Let c = 3 + 7. Suppose -5*k + 25 + c = 0. List the prime factors of k.
7
Let r(v) = 10*v**3 - 4*v + 5. List the prime factors of r(2).
7, 11
Let d(r) be the first derivative of -r**4/4 + 7*r**3/3 + 5*r**2 - 7*r + 4. List the prime factors of d(8).
3
Let p(z) = z**3 + 4*z**2 - 4*z + 5. Let j be (2 - 18/4)*2. Let i be p(j). Suppose 3*x = 5*r - 44, -4*x + 58 = 5*r - i*x. What are the prime factors of r?
2, 5
Suppose -5*m + 2*k = 64, 3*m = -k + 3*k - 36. List the prime factors of (-248)/(-14) - 4/m.
2, 3
Suppose -4*g + 180 = -2*q, -5*g + 4*q = 2*q - 226. List the prime factors of g.
2, 23
Let u(a) = 14*a**2 + a + 1. Let d be u(-1). Let v = d + -8. What are the prime factors of v?
2, 3
Let v(i) = -3*i + 14. What are the prime factors of v(-5)?
29
Let r = 6 - 1. Suppose -23 = -3*u - 5*w, -4*u - r*w = 4 - 38. What are the prime factors of u?
11
Let d = -6 + 9. Suppose 5*v = -0*v + d*s + 45, -v - s + 17 = 0. List the prime factors of v.
2, 3
Let v(t) be the first derivative of -7*t**2/2 - 2*t + 1. Let m(u) = -u**2 + 8*u + 7. Let y be m(9). What are the prime factors of v(y)?
2, 3
Suppose -6*y + y + 50 = 0. Suppose 3*n = -f + y, -5*n = -3*f + 28 + 58. List the prime factors of f.
2, 11
Suppose 5*c + 0*c - 120 = 0. What are the prime factors of c?
2, 3
What are the prime factors of (6/(-12))/(2/(-116))?
29
Let x = 19 - 10. List the prime factors of x.
3
Let l(m) = 2*m**3 + 5*m - 1. List the prime factors of l(4).
3, 7
List the prime factors of ((-10)/1)/((-2)/8).
2, 5
List the prime factors of (1239/(-28))/(2/(-8)).
3, 59
Let k(t) = t + 2. Let f be k(-5). Let u = 3 + f. Suppose 0 = 4*r - 8, -5*j = 2*r - u*r - 64. What are the prime factors of j?
2, 3
Let i = 10 + -67. Let x = -31 - i. List the prime factors of x.
2, 13
Suppose 2*m - 71 = m. What are the prime factors of m?
71
Suppose 8 = -4*m, -2*d + m + 0*m + 20 = 0. Let h = -1 + d. What are the prime factors of h?
2
Suppose 0 = -2*l + 121 + 123. List the prime factors of l.
2, 61
Suppose -4*n + 189 = 3*t, -4*t = 2*n + 12 - 94. List the prime factors of n.
3, 17
Suppose -35 = -5*z - 0*z. Suppose -5*p = -3*d + 5, -z*p + 3*p - 4 = -d. What are the prime factors of 15 + (-3 - (p - 1))?
2, 7
Suppose -4*h + 61 = -19. Suppose h = -3*l + 4*l. Suppose 0 = 2*t - 5*t - 4*d + l, 18 = 2*t + 5*d. List the prime factors of t.
2
Let f(c) = -c - 38. Let w be f(0). Let r = w - -60. What are the prime factors of r?
2, 11
Let g(n) = 4*n + 1. Let t be g(1). Let y = 113 + -73. Suppose 4*j = -5*o - 0*o + y, -5*o - 5 = -t*j. What are the prime factors of j?
5
Let h(f) = -f**2 + 2*f**2 + 4*f + 4*f**2 + 3 - f**2. Let i be (1 + 6/(-4))*4. List the prime factors of h(i).
11
Let s be 3 - 6 - 8*-1. What are the prime factors of ((-54)/10)/((-1)/s)?
3
Let r(d) = -5*d**2 + 13*d - 2. Let q = -4 + 8. Let u(l) = -4*l**2 + 12*l - 2. Let p(s) = q*u(s) - 3*r(s). List the prime factors of p(8).
2, 3
Let n be 14/5 - 2/(-10). Suppose -n*z + 2*w + 14 = -32, 5*w = -10. What are the prime factors of z + -3 + 1 + 0?
2, 3
Let z(d) = 2*d**2 - 3*d - 2. What are the prime factors of z(-7)?
3, 13
Suppose -4*g - 18 = 2*i, -2*i + 6*g - 8*g - 12 = 0. List the prime factors of 35/25 + i/(-5).
2
Let u = 11 + -6. Suppose 4 = -3*s - u. List the prime factors of (-2)/s + 67/3.
23
Suppose -p = -h + 9, 4*p - 3*h = 2*p - 15. Let l = -10 + 1. List the prime factors of (1 - p/l)*-51.
17
Suppose -3*m - 5*v - 20 = 2*m, 20 = 3*m - 5*v. Suppose m = 5*j - 22 - 28. List the prime factors of (-17)/(-5) - 4/j.
3
Let w = -5 - -7. Suppose -w*i + 14 = 70. Let j = i - -44. What are the prime factors of j?
2
Let u(y) = y**2 + 7*y + 1. Let m(t) = 5*t**2 + 36*t + 5. Let n(a) = 2*m(a) - 11*u(a). Let o be n(-8). Let f = o - -44. What are the prime factors of f?
19
Let c(k) = -5*k - 1. Let p be c(2). Let o = -11 + 3. Let y = o - p. What are the prime factors of y?
3
Suppose -5*o + 3 = 23. What are the prime factors of -35*o/(7 - 3)?
5, 7
Let w = 703 - 329. What are the prime factors of w?
2, 11, 17
Suppose 3*j - 3*l - 27 = -0*j, 4 = 4*j + 4*l. Suppose v = 4*v + 4*d - 154, -j*v - 5*d = -255. List the prime factors of v.
2, 5
Suppose 4*s + 1 = 9. Suppose -2*c = -0 - s. What are the prime factors of c*-3 - (-20 - -2)?
3, 5
Let l = 15 - 22. List the prime factors of l*(3 + 0 + -6).
3, 7
Let o = -29 + 57. Let f = o + -10. List the prime factors of f.
2, 3
Suppose 1 = -5*i - 4. Let m be -21*(i - (-1)/3). Suppose -4*g + 38 - m = 0. List the prime factors of g.
2, 3
Let h = -42 + 71. Suppose -h - 41 = -2*f. List the prime factors of f.
5, 7
Suppose -11 = f - 2*p - 0*p, -3*f + 5*p - 30 = 0. Let y(d) = 202 - 202 - 3*d. List the prime factors of y(f).
3, 5
Suppose 2*t - 4*t + 20 = 0. What are the prime factors of t?
2, 5
Suppose a - 19 = 4. Suppose -4*q + 5*n + 